+ 10/15). Suppose q*v + z*v = 66. List the prime factors of v.
2, 11
Suppose -11*v + 15548 = 2942. What are the prime factors of v?
2, 3, 191
List the prime factors of 215 + 8 + 12/(-4).
2, 5, 11
Suppose 5*p + p = 6. Let h(x) = -96*x. Let g be h(p). Let w = 155 + g. What are the prime factors of w?
59
Suppose k + 2*k - 36 = j, -2*j = -3*k + 39. Let i = k + -5. Let t(p) = -p**3 + 7*p**2 - 6*p + 4. What are the prime factors of t(i)?
2
Let q be 31/(-93) - (26/3)/(-2). Suppose q*l = 3*b + 88, -110 = -3*l - 2*l - 3*b. What are the prime factors of l?
2, 11
Let n(r) = 134 - 6*r**2 + 5*r**2 - 128 + 10*r. Let d(g) = -g**3 + 6*g**2 - 6*g + 1. Let t be d(4). List the prime factors of n(t).
3, 5
Suppose 3*v - 70840 = -32*v. List the prime factors of v.
2, 11, 23
Let a(i) = 10*i + 80. What are the prime factors of a(6)?
2, 5, 7
Let x(k) = 1 - 6*k - 3 + k**2 + 0. Let p(t) = -t + 3. Let r be p(7). List the prime factors of x(r).
2, 19
Let s be -5 - -8 - 3/1. Suppose -q + s*f = 4*f + 59, 5*q + 316 = f. List the prime factors of (6/(-7))/(3/q).
2, 3
Let n be -4*15*(-2 - -1). Suppose -2*d = -3*y - 9, 5*y - 1 = 5*d - 7*d. Suppose -d*q = -q - n. List the prime factors of q.
2, 3, 5
Let u = -42 - -1418. What are the prime factors of u?
2, 43
Let r = 107 - 109. List the prime factors of 121/1 - r*(-3 + 1).
3, 13
Suppose -16 = -2*u + 2*d, 2*d = -0 - 10. Suppose 4*c - u*m - 2*m - 870 = 0, m = -5*c + 1073. Suppose -85 - c = -6*s. What are the prime factors of s?
2, 5
Let y = 5 - -18. Let q(l) = l**3 - 5*l**2 - 8*l - 8. Let s be q(7). Suppose -y*x = -21*x - s. List the prime factors of x.
17
Let x(b) = b**2 + 10*b - 6. Let l be x(-13). List the prime factors of 2/(-3) + 814/l.
2, 3
Let k(h) = h**3 - 12*h**2 - 13*h - 11. Let a be k(13). List the prime factors of (5 - 1) + a + 22.
3, 5
Let k(w) = 4*w - 3. Let t be k(-6). Let d = -8 - t. List the prime factors of d.
19
Let o = 3287 - 1699. List the prime factors of o.
2, 397
Suppose g - 97 = -3*b + 7*b, 4*b = 4*g - 376. List the prime factors of g.
3, 31
Suppose -3*l + 210 = 81. Let y = l - -19. List the prime factors of y.
2, 31
List the prime factors of ((3234/(-55))/(-3))/((-1)/(-20)).
2, 7
Let h(z) = 180*z**2 + 25*z + 12. List the prime factors of h(3).
3, 569
Let w(u) = u**3 + 17*u**2 - 18*u + 5. Let p be w(-18). Suppose -2*j - p*b + 120 = -121, -2*j + 286 = -4*b. What are the prime factors of j?
7, 19
Suppose a = 34 - 13. Let n = a + 7. List the prime factors of n.
2, 7
Suppose 0*q = -4*q - 8. What are the prime factors of 18*-4*q/8?
2, 3
Suppose -13*f + 304525 = 52*f. What are the prime factors of f?
5, 937
Let t(g) be the second derivative of g**3/3 + 11*g**2/2 + 2*g. Suppose w = 32 - 19. What are the prime factors of t(w)?
37
Suppose 22 = 5*m + 2. Let c(v) = -m*v - v + 4 - 2*v - 13*v. What are the prime factors of c(-1)?
2, 3
Let d be (28/(-12))/(1/(-3)). Let i = 41 + d. What are the prime factors of i?
2, 3
List the prime factors of ((-2820)/(-21))/(1 + 10/(-14)).
2, 5, 47
Let g be ((-126)/(-30))/((-3)/(-10)). Suppose 0 = -46*q + 45*q + g. What are the prime factors of q?
2, 7
Suppose 2*s - 38556 = -26*s. What are the prime factors of s?
3, 17
Let k = 11 - 8. Suppose 521 = 5*y + 3*h, -48 + 354 = k*y + 4*h. List the prime factors of y.
2, 53
Let a(i) = 89*i**2 - 4*i + 4. List the prime factors of a(1).
89
Let f = 2586 + -1217. List the prime factors of f.
37
Let m = -182 + -138. List the prime factors of (5/(-5))/1*m.
2, 5
Let f(x) = -4*x**3 - 7*x**2 + 10*x - 11. Let o(m) = -3*m**3 - 7*m**2 + 9*m - 11. Let r(j) = -5*f(j) + 6*o(j). List the prime factors of r(5).
2, 3, 7
Suppose 15 = -5*k + 330. Suppose 16*u = 19*u - k. What are the prime factors of u?
3, 7
Let w(n) = 5*n + 46. Let q(t) = -9*t - 92. Let p(h) = -3*q(h) - 5*w(h). Let v(k) = k**2 + 17*k. Let l be v(-17). What are the prime factors of p(l)?
2, 23
Suppose -27*n = -34*n + 3983. What are the prime factors of n?
569
Let g be (-1 + (-78)/(-42))/((-4)/(-14)). Let a = -1 - -1. Suppose -x + j + 55 = a, -x + 8*j = g*j - 63. List the prime factors of x.
53
Let u be (4 - 2) + 0 + 0. Suppose 0 = -d + u. Suppose 3*s = d*a - 4, 0 = 4*s + 3*a + a - 28. What are the prime factors of s?
2
Let t be (4/6)/(2/(-36)). Let b be t*(38/(-8) - -4). Suppose b*r - 4*r = 60. List the prime factors of r.
2, 3
Suppose 3*o + 70 = -2*o. List the prime factors of ((-3204)/14)/(-3) + 4/o.
2, 19
Let d = -208 + 127. Let i = -26 - d. List the prime factors of i.
5, 11
Suppose -25*u - 47*u + 66312 = 0. List the prime factors of u.
3, 307
Suppose -2*j + 9*i = -1562, 0 = -8*j + 9*j + 2*i - 794. What are the prime factors of j?
2, 5, 79
Suppose 2*s - 4*s - 4*i - 72 = 0, 0 = 5*s - 2*i + 180. Let j = 38 + s. Suppose 3*y = -12, -5*h + j*y = y - 394. List the prime factors of h.
2, 3, 13
Let a be ((-1)/(-3))/((-7)/21). Let r be (-10 + -192)*1*a. List the prime factors of 1/6 - r/(-12).
17
List the prime factors of 1472/10 - (-35)/(-175).
3, 7
Let f = -14 - -5. What are the prime factors of ((-57)/f)/(2/24)?
2, 19
Suppose -6564 - 8592 = -18*y. What are the prime factors of y?
2, 421
Let g(u) = -u + 5. Let b be g(-7). Suppose -4*m + 18 = v, -4*m = 2*v - b - 4. Suppose -m*h = 2*w - 191, 4*h - 3*w - 133 = 2*w. List the prime factors of h.
37
Let p(j) = -j**2 + 47*j - 12. Let i be p(-26). What are the prime factors of (-6)/27 - i/9?
2, 53
Let w be ((1 - -1)/6)/(3/18). Suppose -286 = -w*c - 0*c. What are the prime factors of c?
11, 13
Let v(j) = 35*j - 25*j**3 + 2 - 19*j**3 - 33*j. What are the prime factors of v(-1)?
2, 11
Let u(y) = -y**3 + 9*y**2 + 11*y - 5. Let i be u(10). Suppose a + 2*a = g + i, -32 = -4*a - 5*g. List the prime factors of (a + -1)/((-6)/(-51)).
17
Let k be -7 + 3/((-9)/6). Let m be (-2)/3 - 24/k. What are the prime factors of 1*(-1)/(m/(-54))?
3
Let m(t) = -48*t + 9. What are the prime factors of m(-11)?
3, 179
Suppose 109*a = 82*a + 13824. List the prime factors of a.
2
Let u = -723 + 1620. List the prime factors of u.
3, 13, 23
Let g(h) = -h**2 + 2*h. Let r be g(5). Let a = 42 + r. List the prime factors of a.
3
Let n(o) = -4*o. Let d be n(0). What are the prime factors of (d + 250/4)/(6/12)?
5
Let j(r) = r**3 - 9*r**2 - 12*r - 11. Let g be j(9). Let n be (-5)/(-10) + g/(-2). Suppose n = 4*v + v. What are the prime factors of v?
2, 3
Let n = 4 + -2. Let y = 34 - 30. Suppose -2*u = x - y*x - 64, -4*x - 66 = -n*u. What are the prime factors of u?
29
Let b(q) = 4*q - 4. Let u(p) = -5 - 10*p**2 - p**3 - 19*p + 18*p + 2*p**2. Let h be u(-8). What are the prime factors of b(h)?
2
Let q(j) = 2*j - 2*j - j**2 + 21. Suppose 0 = 5*d - 7*d + 4*b, 2*d + 4*b = 0. List the prime factors of q(d).
3, 7
Let n(s) = -s**2 - s + 5. Let t = -1 - 3. Let d be n(t). Let m = 19 + d. List the prime factors of m.
2, 3
Suppose 9259 = 4*k + 1631. What are the prime factors of k?
1907
List the prime factors of (-6 - (-11 + (4 - -4))) + 2767.
2, 691
Suppose 3*w - 30 = -87. Let y = w + 92. List the prime factors of y.
73
Let b be -1 - (-2 - 3/3). Suppose z = 3*z - b. What are the prime factors of z/4 - 49/(-28)?
2
Let m(p) = -p**3 - p**2 - p + 148. Let i be m(0). Let h = i + 100. What are the prime factors of h?
2, 31
Let g be -8*-1*3/(-6). Let m(r) be the second derivative of r**3/6 + 4*r**2 + 5*r. What are the prime factors of m(g)?
2
Let r(v) = 7*v - 5. Let o(a) = -20*a + 14. Suppose -6*q = -q + 30. Let t(f) = q*o(f) - 17*r(f). List the prime factors of t(9).
2, 5
Suppose 5*h - 5*g - 15790 = 0, -11*h + 9462 = -8*h + 3*g. List the prime factors of h.
2, 3, 263
Suppose 12*h - 10*h = 1716. Suppose h = 2*v + 4*v. What are the prime factors of v?
11, 13
Let d = -3021 - -6582. List the prime factors of d.
3, 1187
What are the prime factors of (-1 + 5639)*(-25)/(-50)?
2819
Let v(y) = -10*y**3 - y**2 - 3*y - 1. Suppose 2*w + 52 = 5*i, 0 - 1 = w. Let g = 9 - i. What are the prime factors of v(g)?
11
Suppose -3*u - 3*w = 414, -u - 4*w - 153 = -0*w. Let i = u - -376. List the prime factors of i.
3
Let k be 182*((-1)/(-4) - (-4)/16). Suppose -5*w - k + 376 = 0. List the prime factors of w.
3, 19
Let j = -8 - -5. Suppose 1020 = -5*t + w, t + 5*w + 113 = -91. List the prime factors of j/(-5) + t/(-10).
3, 7
Let c be 0/18 - (-21 + 1). Suppose 2*n - 48 = c. What are the prime factors of n?
2, 17
Let h(l) = 2*l + 4